{"id":109,"date":"2013-01-18T09:43:16","date_gmt":"2013-01-18T08:43:16","guid":{"rendered":"http:\/\/wendling.ch\/wordpress\/?page_id=109"},"modified":"2024-02-06T19:21:09","modified_gmt":"2024-02-06T18:21:09","slug":"kalender-3","status":"publish","type":"page","link":"https:\/\/sgarm.ch\/wordpress\/?page_id=109","title":{"rendered":"Agenda"},"content":{"rendered":"<p>Auf Anfrage sind wir gerne bereit, weitere Fortbildungskurse mit arbeitsmedizinischem Inhalt in unserer Agenda aufzuschalten. Um einen Antrag f\u00fcr fachspezifische Credits zu stellen, bitten wir Sie das <a href=\"https:\/\/sgarm.ch\/wordpress\/wp-content\/uploads\/2024\/02\/230920-Formulaire-demande-Arbeitsmedizin-d_.pdf\" target=\"_blank\" rel=\"noopener\">Antragsformular<\/a> auszuf\u00fcllen und an die Gesch\u00e4ftsstelle weiterzuleiten (sgarm-ssmt[at]bluewin.ch).<\/p>\n<p>Informationen zu Veranstaltungen mit Bezug zur Arbeitsmedizin im weiteren Sinne finden Sie<a href=\"https:\/\/sgarm.ch\/wordpress?page_id=477\"> hier.<\/a><\/p>\n<p><strong>Annerkannte Fortbildungen:<\/strong><\/p>","protected":false},"excerpt":{"rendered":"<p>Auf Anfrage sind wir gerne bereit, weitere Fortbildungskurse mit arbeitsmedizinischem Inhalt in unserer Agenda aufzuschalten. Um einen Antrag f\u00fcr fachspezifische Credits zu stellen, bitten wir Sie das Antragsformular auszuf\u00fcllen und an die Gesch\u00e4ftsstelle weiterzuleiten (sgarm-ssmt[at]bluewin.ch). Informationen zu Veranstaltungen mit Bezug &hellip; <a href=\"https:\/\/sgarm.ch\/wordpress\/?page_id=109\">Weiterlesen <span class=\"meta-nav\">&rarr;<\/span><\/a><\/p>\n","protected":false},"author":1,"featured_media":0,"parent":0,"menu_order":3,"comment_status":"closed","ping_status":"closed","template":"","meta":[],"_links":{"self":[{"href":"https:\/\/sgarm.ch\/wordpress\/index.php?rest_route=\/wp\/v2\/pages\/109"}],"collection":[{"href":"https:\/\/sgarm.ch\/wordpress\/index.php?rest_route=\/wp\/v2\/pages"}],"about":[{"href":"https:\/\/sgarm.ch\/wordpress\/index.php?rest_route=\/wp\/v2\/types\/page"}],"author":[{"embeddable":true,"href":"https:\/\/sgarm.ch\/wordpress\/index.php?rest_route=\/wp\/v2\/users\/1"}],"replies":[{"embeddable":true,"href":"https:\/\/sgarm.ch\/wordpress\/index.php?rest_route=%2Fwp%2Fv2%2Fcomments&post=109"}],"version-history":[{"count":28,"href":"https:\/\/sgarm.ch\/wordpress\/index.php?rest_route=\/wp\/v2\/pages\/109\/revisions"}],"predecessor-version":[{"id":6061,"href":"https:\/\/sgarm.ch\/wordpress\/index.php?rest_route=\/wp\/v2\/pages\/109\/revisions\/6061"}],"wp:attachment":[{"href":"https:\/\/sgarm.ch\/wordpress\/index.php?rest_route=%2Fwp%2Fv2%2Fmedia&parent=109"}],"curies":[{"name":"wp","href":"https:\/\/api.w.org\/{rel}","templated":true}]}}