{"id":1955,"date":"2015-08-28T15:44:07","date_gmt":"2015-08-28T13:44:07","guid":{"rendered":"http:\/\/sgarm.ch\/wordpress?page_id=1955"},"modified":"2018-08-15T15:44:17","modified_gmt":"2018-08-15T13:44:17","slug":"psychische-gesundheit-am-arbeitsplatz","status":"publish","type":"page","link":"https:\/\/sgarm.ch\/wordpress\/?page_id=1955","title":{"rendered":"Psychische Gesundheit am Arbeitsplatz"},"content":{"rendered":"<p><\/p>\n<ul>\n<li>Siehe Information Seco: <a href=\"http:\/\/www.seco.admin.ch\/psychosoziale-risiken\/index.html?lang=de\" target=\"_blank\">Psychosoziale Risiken am Arbeitsplatz<\/a><\/li>\n<li>Artikel ASU: <a href=\"https:\/\/sgarm.ch\/wordpress\/wp-content\/uploads\/2015\/08\/Empfehlungen-zur-Durchf\u00fchrung-einer-Gef\u00e4hrdungsanalyse-psychischer-Belastungen.pdf\" target=\"_blank\">Empfehlungen zur Durchf\u00fchrung einer Gef\u00e4hrdungsbeurteilung psychischer Belastungen<\/a><\/li>\n<li>Brosch\u00fcre\u00a0<a href=\"https:\/\/sgarm.ch\/wordpress\/wp-content\/uploads\/2015\/08\/Brosch\u00fcre-Wenn-Arbeit-krank-macht_deutsch-web.pdf\" target=\"_blank\"> &#8222;Wenn Arbeit krank macht&#8220;<\/a><\/li>\n<\/ul>\n<p><\/p>","protected":false},"excerpt":{"rendered":"<p>Siehe Information Seco: Psychosoziale Risiken am Arbeitsplatz Artikel ASU: Empfehlungen zur Durchf\u00fchrung einer Gef\u00e4hrdungsbeurteilung psychischer Belastungen Brosch\u00fcre\u00a0 &#8222;Wenn Arbeit krank macht&#8220;<\/p>\n","protected":false},"author":1,"featured_media":0,"parent":701,"menu_order":2,"comment_status":"closed","ping_status":"open","template":"","meta":[],"_links":{"self":[{"href":"https:\/\/sgarm.ch\/wordpress\/index.php?rest_route=\/wp\/v2\/pages\/1955"}],"collection":[{"href":"https:\/\/sgarm.ch\/wordpress\/index.php?rest_route=\/wp\/v2\/pages"}],"about":[{"href":"https:\/\/sgarm.ch\/wordpress\/index.php?rest_route=\/wp\/v2\/types\/page"}],"author":[{"embeddable":true,"href":"https:\/\/sgarm.ch\/wordpress\/index.php?rest_route=\/wp\/v2\/users\/1"}],"replies":[{"embeddable":true,"href":"https:\/\/sgarm.ch\/wordpress\/index.php?rest_route=%2Fwp%2Fv2%2Fcomments&post=1955"}],"version-history":[{"count":16,"href":"https:\/\/sgarm.ch\/wordpress\/index.php?rest_route=\/wp\/v2\/pages\/1955\/revisions"}],"predecessor-version":[{"id":3185,"href":"https:\/\/sgarm.ch\/wordpress\/index.php?rest_route=\/wp\/v2\/pages\/1955\/revisions\/3185"}],"up":[{"embeddable":true,"href":"https:\/\/sgarm.ch\/wordpress\/index.php?rest_route=\/wp\/v2\/pages\/701"}],"wp:attachment":[{"href":"https:\/\/sgarm.ch\/wordpress\/index.php?rest_route=%2Fwp%2Fv2%2Fmedia&parent=1955"}],"curies":[{"name":"wp","href":"https:\/\/api.w.org\/{rel}","templated":true}]}}

<p></p>
<ul>
<li>Siehe Information Seco: <a href="http://www.seco.admin.ch/psychosoziale-risiken/index.html?lang=de" target="_blank">Psychosoziale Risiken am Arbeitsplatz</a></li>
<li>Artikel ASU: <a href="https://sgarm.ch/wordpress/wp-content/uploads/2015/08/Empfehlungen-zur-Durchführung-einer-Gefährdungsanalyse-psychischer-Belastungen.pdf" target="_blank">Empfehlungen zur Durchführung einer Gefährdungsbeurteilung psychischer Belastungen</a></li>
<li>Broschüre <a href="https://sgarm.ch/wordpress/wp-content/uploads/2015/08/Broschüre-Wenn-Arbeit-krank-macht_deutsch-web.pdf" target="_blank"> &#8222;Wenn Arbeit krank macht&#8220;</a></li>
</ul>
<p></p>

<p>Siehe Information Seco: Psychosoziale Risiken am Arbeitsplatz Artikel ASU: Empfehlungen zur Durchführung einer Gefährdungsbeurteilung psychischer Belastungen Broschüre  &#8222;Wenn Arbeit krank macht&#8220;</p>
