{"id":2033,"date":"2015-10-02T09:13:35","date_gmt":"2015-10-02T07:13:35","guid":{"rendered":"http:\/\/sgarm.ch\/wordpress\/?page_id=2033"},"modified":"2025-06-11T09:28:45","modified_gmt":"2025-06-11T07:28:45","slug":"francais-formation-medecins-partenaires-en-st","status":"publish","type":"page","link":"https:\/\/sgarm.ch\/wordpress\/?page_id=2033","title":{"rendered":"Kurs Arbeit und Gesundheit"},"content":{"rendered":"<p><\/p>\n<h2><strong>SGARM &#8211; Weiterbildung \u00abArbeit und Gesundheit\u00bb f\u00fcr \u00c4rzte<\/strong><\/h2>\n<p><strong>\u00abArbeit und Gesundheit\u00bb ist beim Grundversorger immer pr\u00e4sent<br \/>\n<\/strong>\u00abArbeit macht krank\u00bb &#8211; diese Pauschalbehauptung h\u00f6rt man immer wieder. Sie unterschl\u00e4gt, dass Erwerbsarbeit ein elementarer Gesundheitsfaktor und wichtig f\u00fcr die Teilhabe am gesellschaftlichen und sozialen Leben ist. Dennoch steckt wie in den meisten Pauschalierungen ein St\u00fcck Wahrheit in der Aussage: die Schweizerische Gesundheitsbefragung 2017 ergab, dass 48% der arbeitenden M\u00e4nner einer H\u00e4ufung von physikalischen Belastungen ausgesetzt sind und dass 21% aller Arbeitnehmenden sehr oft unter Stress leiden. Es erstaunt daher nicht, dass bei einer Vielzahl der Patientenkontakten, insbesondere bei Grundversorgern, arbeitsassoziierte Gesundheitsst\u00f6rungen eine grosse Rolle spielen, auch wenn die Patienten diese Zusammenh\u00e4nge nicht immer offen aussprechen.<\/p>\n<p><strong>Grundversorger <\/strong><strong>sind auch <\/strong><strong>Arbeitsmediziner\u00a0 \u2013 man sollte zusammenarbeiten<br \/>\n<\/strong>Viele unserer nicht-arbeitsmedizinischen Kolleginnen und Kollegen \u00fcbernehmen gerne privat honorierte Zusatzaufgaben f\u00fcr Betriebe als Personalarzt bzw. Vertrauensarzt mit erweiterten Aufgaben. Sie vermissen aber auch oft vertiefte Informationen \u00fcber arbeitsmedizinische Zusammenh\u00e4nge oder haben Probleme sich als Arzt im Betrieb wirksam einzubringen. Andererseits beklagen sich Arbeitsmediziner teilweise \u00fcber die als schwierig empfundene Zusammenarbeit mit Grundversorgern. In der Romandie hatte daher das fr\u00fchere \u00abInstitut de Sant\u00e9 au Travail\u00bb 2016 mit Unterst\u00fctzung der SGARM und mit einigem kantonal-politischen R\u00fcckenwind begonnen eine Weiterbildung f\u00fcr Grundversorger anzubieten. Seither sind Kolleginnen und Kollegen mit dieser Weiterbildung als \u00abM\u00e9decin partenaire en sant\u00e9 au travail\u00bb von der SGARM akkreditiert worden. Diese \u00c4rztinnen und \u00c4rzte k\u00f6nnen mit dem Wissen aus der Weiterbildung Arbeitnehmende nun viel gezielter zu arbeitsbedingten Gesundheitsproblemen beraten, sind als Grundversorger kompetenter bei der Reintegration in den Arbeitsprozess nach schwerer Krankheit oder Unfall und k\u00f6nnen sich besser im Netzwerk der Sozialversicherungen bewegen.<\/p>\n<p><strong>Unser Weiterbildungsangebot<br \/>\n<\/strong>Die Schweizerische Gesellschaft f\u00fcr Arbeitsmedizin SGARM bietet nun in Zusammenarbeit mit dem Institut f\u00fcr Epidemiologie, Biostatistik und Pr\u00e4vention der Universit\u00e4t Z\u00fcrich ein Weiterbildungsangebot in der Deutschschweiz an, welches sich vor allem an Grundversorger richtet. Es handelt sich um eine mehrmodulige Kursreihe, die sich spezifisch und fundiert mit den arbeitsmedizinischen Aspekten der Gesundheit befassen wird. \u00a0Ein Schwerpunkt des Angebots wird auf den psychischen Belastungen liegen, die die Erwerbsarbeit f\u00fcr die heutigen Arbeitnehmenden mit sich bringt.<br \/>\nWie in der Arbeitsmedizin geht es auch bei umweltmedizinischen Fragestellungen um m\u00f6gliche gesundheitsbelastende Expositionen. Daher gleichen sich Fragestellungen und Methoden in beiden Bereichen weitgehend aber Expositionsintensit\u00e4ten und der Kreis der betroffenen Personen unterscheiden sich teilweise stark. Wir werden wenn immer es sich anbietet im Verlauf der Weiterbildung auch explizit auf umweltmedizinische Aspekte eingehen.<\/p>\n<p><strong>Belegung und Durchf\u00fchrung, Zertifikat und Projekt eines CAS<br \/>\n<\/strong>Die Kurse werden in einer didaktisch zeitgem\u00e4ssen Mischung von vorbereitender Einzelarbeit, Pr\u00e4senzveranstaltung und Online-Teaching durchgef\u00fchrt.<\/p>\n<p>Nach erfolgreicher Absolvierung der 5 Kernmodule dieser Ausbildung stellt die Schweizerische Gesellschaft f\u00fcr Arbeitsmedizin ein Zertifikat aus. Dieses Zertifikat weist den\/die Inhaberin gegen\u00fcber potentiellen Auftraggebern und Beh\u00f6rden aus. Es besteht die Absicht, die verschiedenen Module \u00fcber einen l\u00e4ngeren Zeitraum anzubieten, wobei die Einzelmodule jeweils in sich geschlossen sind und auch einzeln belegt werden k\u00f6nnen. Eine Erweiterung durch Zusatzmodule ist beabsichtigt und soll mit insgesamt 10 ETCS zu einem \u00abCertificate of advanced studies\u00bb der Universit\u00e4t Z\u00fcrich f\u00fchren, die Genehmigung durch die zust\u00e4ndigen Gremien vorausgesetzt.<\/p>\n<ul>\n<li><a href=\"https:\/\/sgarm.ch\/wordpress\/?page_id=4893\">Modul-\u00dcberblick<\/a><\/li>\n<li><a href=\"https:\/\/sgarm.ch\/wordpress\/?page_id=4913\" rel=\"noopener noreferrer\">Aktuelles Kursangebot<\/a><\/li>\n<li>Preis pro Einheit:\u00a0 890.- CHF<\/li>\n<\/ul>\n<p>Anmeldungen bitte an die Gesch\u00e4ftsstelle der SGARM \u00a0<a href=\"mailto:sgarm-ssmt@bluewin.ch\">sgarm-ssmt@bluewin.ch<\/a><\/p>","protected":false},"excerpt":{"rendered":"<p>SGARM &#8211; Weiterbildung \u00abArbeit und Gesundheit\u00bb f\u00fcr \u00c4rzte \u00abArbeit und Gesundheit\u00bb ist beim Grundversorger immer pr\u00e4sent \u00abArbeit macht krank\u00bb &#8211; diese Pauschalbehauptung h\u00f6rt man immer wieder. Sie unterschl\u00e4gt, dass Erwerbsarbeit ein elementarer Gesundheitsfaktor und wichtig f\u00fcr die Teilhabe am gesellschaftlichen &hellip; <a href=\"https:\/\/sgarm.ch\/wordpress\/?page_id=2033\">Weiterlesen <span class=\"meta-nav\">&rarr;<\/span><\/a><\/p>\n","protected":false},"author":1,"featured_media":0,"parent":59,"menu_order":4,"comment_status":"closed","ping_status":"open","template":"","meta":[],"_links":{"self":[{"href":"https:\/\/sgarm.ch\/wordpress\/index.php?rest_route=\/wp\/v2\/pages\/2033"}],"collection":[{"href":"https:\/\/sgarm.ch\/wordpress\/index.php?rest_route=\/wp\/v2\/pages"}],"about":[{"href":"https:\/\/sgarm.ch\/wordpress\/index.php?rest_route=\/wp\/v2\/types\/page"}],"author":[{"embeddable":true,"href":"https:\/\/sgarm.ch\/wordpress\/index.php?rest_route=\/wp\/v2\/users\/1"}],"replies":[{"embeddable":true,"href":"https:\/\/sgarm.ch\/wordpress\/index.php?rest_route=%2Fwp%2Fv2%2Fcomments&post=2033"}],"version-history":[{"count":50,"href":"https:\/\/sgarm.ch\/wordpress\/index.php?rest_route=\/wp\/v2\/pages\/2033\/revisions"}],"predecessor-version":[{"id":6610,"href":"https:\/\/sgarm.ch\/wordpress\/index.php?rest_route=\/wp\/v2\/pages\/2033\/revisions\/6610"}],"up":[{"embeddable":true,"href":"https:\/\/sgarm.ch\/wordpress\/index.php?rest_route=\/wp\/v2\/pages\/59"}],"wp:attachment":[{"href":"https:\/\/sgarm.ch\/wordpress\/index.php?rest_route=%2Fwp%2Fv2%2Fmedia&parent=2033"}],"curies":[{"name":"wp","href":"https:\/\/api.w.org\/{rel}","templated":true}]}}

<p></p>
<h2><strong>SGARM &#8211; Weiterbildung «Arbeit und Gesundheit» für Ärzte</strong></h2>
<p><strong>«Arbeit und Gesundheit» ist beim Grundversorger immer präsent<br />
</strong>«Arbeit macht krank» &#8211; diese Pauschalbehauptung hört man immer wieder. Sie unterschlägt, dass Erwerbsarbeit ein elementarer Gesundheitsfaktor und wichtig für die Teilhabe am gesellschaftlichen und sozialen Leben ist. Dennoch steckt wie in den meisten Pauschalierungen ein Stück Wahrheit in der Aussage: die Schweizerische Gesundheitsbefragung 2017 ergab, dass 48% der arbeitenden Männer einer Häufung von physikalischen Belastungen ausgesetzt sind und dass 21% aller Arbeitnehmenden sehr oft unter Stress leiden. Es erstaunt daher nicht, dass bei einer Vielzahl der Patientenkontakten, insbesondere bei Grundversorgern, arbeitsassoziierte Gesundheitsstörungen eine grosse Rolle spielen, auch wenn die Patienten diese Zusammenhänge nicht immer offen aussprechen.</p>
<p><strong>Grundversorger </strong><strong>sind auch </strong><strong>Arbeitsmediziner  – man sollte zusammenarbeiten<br />
</strong>Viele unserer nicht-arbeitsmedizinischen Kolleginnen und Kollegen übernehmen gerne privat honorierte Zusatzaufgaben für Betriebe als Personalarzt bzw. Vertrauensarzt mit erweiterten Aufgaben. Sie vermissen aber auch oft vertiefte Informationen über arbeitsmedizinische Zusammenhänge oder haben Probleme sich als Arzt im Betrieb wirksam einzubringen. Andererseits beklagen sich Arbeitsmediziner teilweise über die als schwierig empfundene Zusammenarbeit mit Grundversorgern. In der Romandie hatte daher das frühere «Institut de Santé au Travail» 2016 mit Unterstützung der SGARM und mit einigem kantonal-politischen Rückenwind begonnen eine Weiterbildung für Grundversorger anzubieten. Seither sind Kolleginnen und Kollegen mit dieser Weiterbildung als «Médecin partenaire en santé au travail» von der SGARM akkreditiert worden. Diese Ärztinnen und Ärzte können mit dem Wissen aus der Weiterbildung Arbeitnehmende nun viel gezielter zu arbeitsbedingten Gesundheitsproblemen beraten, sind als Grundversorger kompetenter bei der Reintegration in den Arbeitsprozess nach schwerer Krankheit oder Unfall und können sich besser im Netzwerk der Sozialversicherungen bewegen.</p>
<p><strong>Unser Weiterbildungsangebot<br />
</strong>Die Schweizerische Gesellschaft für Arbeitsmedizin SGARM bietet nun in Zusammenarbeit mit dem Institut für Epidemiologie, Biostatistik und Prävention der Universität Zürich ein Weiterbildungsangebot in der Deutschschweiz an, welches sich vor allem an Grundversorger richtet. Es handelt sich um eine mehrmodulige Kursreihe, die sich spezifisch und fundiert mit den arbeitsmedizinischen Aspekten der Gesundheit befassen wird.  Ein Schwerpunkt des Angebots wird auf den psychischen Belastungen liegen, die die Erwerbsarbeit für die heutigen Arbeitnehmenden mit sich bringt.<br />
Wie in der Arbeitsmedizin geht es auch bei umweltmedizinischen Fragestellungen um mögliche gesundheitsbelastende Expositionen. Daher gleichen sich Fragestellungen und Methoden in beiden Bereichen weitgehend aber Expositionsintensitäten und der Kreis der betroffenen Personen unterscheiden sich teilweise stark. Wir werden wenn immer es sich anbietet im Verlauf der Weiterbildung auch explizit auf umweltmedizinische Aspekte eingehen.</p>
<p><strong>Belegung und Durchführung, Zertifikat und Projekt eines CAS<br />
</strong>Die Kurse werden in einer didaktisch zeitgemässen Mischung von vorbereitender Einzelarbeit, Präsenzveranstaltung und Online-Teaching durchgeführt.</p>
<p>Nach erfolgreicher Absolvierung der 5 Kernmodule dieser Ausbildung stellt die Schweizerische Gesellschaft für Arbeitsmedizin ein Zertifikat aus. Dieses Zertifikat weist den/die Inhaberin gegenüber potentiellen Auftraggebern und Behörden aus. Es besteht die Absicht, die verschiedenen Module über einen längeren Zeitraum anzubieten, wobei die Einzelmodule jeweils in sich geschlossen sind und auch einzeln belegt werden können. Eine Erweiterung durch Zusatzmodule ist beabsichtigt und soll mit insgesamt 10 ETCS zu einem «Certificate of advanced studies» der Universität Zürich führen, die Genehmigung durch die zuständigen Gremien vorausgesetzt.</p>
<ul>
<li><a href="https://sgarm.ch/wordpress/?page_id=4893">Modul-Überblick</a></li>
<li><a href="https://sgarm.ch/wordpress/?page_id=4913" rel="noopener noreferrer">Aktuelles Kursangebot</a></li>
<li>Preis pro Einheit:  890.- CHF</li>
</ul>
<p>Anmeldungen bitte an die Geschäftsstelle der SGARM  <a href="mailto:sgarm-ssmt@bluewin.ch">sgarm-ssmt@bluewin.ch</a></p>

<p>SGARM &#8211; Weiterbildung «Arbeit und Gesundheit» für Ärzte «Arbeit und Gesundheit» ist beim Grundversorger immer präsent «Arbeit macht krank» &#8211; diese Pauschalbehauptung hört man immer wieder. Sie unterschlägt, dass Erwerbsarbeit ein elementarer Gesundheitsfaktor und wichtig für die Teilhabe am gesellschaftlichen &hellip; <a href="https://sgarm.ch/wordpress/?page_id=2033">Weiterlesen <span class="meta-nav">&rarr;</span></a></p>
