{"id":94,"date":"2012-12-19T18:44:44","date_gmt":"2012-12-19T17:44:44","guid":{"rendered":"http:\/\/wendling.ch\/wordpress\/?page_id=94"},"modified":"2025-09-26T14:03:50","modified_gmt":"2025-09-26T12:03:50","slug":"gesetzgebung","status":"publish","type":"page","link":"https:\/\/sgarm.ch\/wordpress\/?page_id=94","title":{"rendered":"Dokumente"},"content":{"rendered":"<p><\/p>\n<h2>SGARM<\/h2>\n<ul>\n<li><a href=\"https:\/\/sgarm.ch\/wordpress\/wp-content\/uploads\/2023\/09\/230726_Tarifempfehlung_SGARM_SSMT_d.pdf\" target=\"_blank\" rel=\"noopener\">Tarifempfehlungen f\u00fcr die Leistungen arbeitmedizinischer Spezialisten<\/a><\/li>\n<\/ul>\n<hr \/>\n<h2>\u00a0Ethik und Code of Conduct<\/h2>\n<ul>\n<li><a href=\"https:\/\/www.fmh.ch\/files\/pdf30\/standesordnung---de---2024-04.pdf\" target=\"_blank\" rel=\"noopener\">Standesordnung der FMH<\/a><\/li>\n<li><a href=\"https:\/\/www.fmh.ch\/files\/pdf24\/anhang-4-standesordnung-fmh.pdf\" target=\"_blank\" rel=\"noopener\">Anhang 4 Standesordnung der FMH<\/a><\/li>\n<li><a href=\"https:\/\/sgarm.ch\/wordpress\/wp-content\/uploads\/2012\/12\/code-of-ethics-en-3.pdf\">International Code of Ethics for Occupational Health Professionals (ICOH)<\/a><\/li>\n<\/ul>\n<hr \/>\n<h2>\u00a0Schweizer Gesetzgebung<\/h2>\n<ul>\n<li><a href=\"https:\/\/www.admin.ch\/opc\/de\/classified-compilation\/19640049\/index.html\" target=\"_blank\" rel=\"noopener\">Arbeitsgesetz<\/a> (ArG)\n<ul>\n<li><a href=\"https:\/\/www.admin.ch\/opc\/de\/classified-compilation\/20000832\/index.html\" target=\"_blank\" rel=\"noopener\">Verordnung 1 zum Arbeitsgesetz<\/a> (ArGV1)<\/li>\n<li><a href=\"https:\/\/www.seco.admin.ch\/seco\/de\/home\/Arbeit\/Arbeitsbedingungen\/Arbeitsgesetz-und-Verordnungen\/Wegleitungen\/Wegleitung-zur-ArGV-1.html\">Wegleitung zum ArGV 1<\/a><\/li>\n<li><a href=\"https:\/\/www.admin.ch\/opc\/de\/classified-compilation\/19930254\/index.html\" target=\"_blank\" rel=\"noopener\">Verordnung 3 zum Arbeitsgesetz<\/a> (ArGV3)<\/li>\n<li><a href=\"https:\/\/www.seco.admin.ch\/seco\/de\/home\/Arbeit\/Arbeitsbedingungen\/Arbeitsgesetz-und-Verordnungen\/Wegleitungen\/wegleitung-zur-argv-3.html\" target=\"_blank\" rel=\"noopener\">Wegleitung zur ArGV 3<\/a><\/li>\n<li><a href=\"https:\/\/www.fedlex.admin.ch\/eli\/cc\/2001\/127\/de\">Mutterschutzverordnung<\/a>, <a href=\"https:\/\/www.fedlex.admin.ch\/eli\/cc\/2007\/692\/de\">Jugendarbeitschutzverordnung<\/a><\/li>\n<\/ul>\n<\/li>\n<li><a href=\"https:\/\/www.suva.ch\/de-ch\/download\/richtlinien-und-gesetze\/richtlinie-ueber-den-beizug-von-arbeitsaerzten-und-anderen-spezialisten-der-arbeitssicherheit--asa-richtlinie---ekas\/richtlinie-ueber-den-beizug-von-arbeitsaerzten-und-anderen-spezialisten-der-arbeitssicherheit--asa-richtlinie---ekas--6508.D\" target=\"_blank\" rel=\"noopener\">EKAS-Richtlinie 6508 <\/a>(Beizug von Arbeits\u00e4rzten)<\/li>\n<li><a href=\"https:\/\/www.admin.ch\/opc\/de\/classified-compilation\/19960616\/index.html\" target=\"_blank\" rel=\"noopener\">Eignungsverordnung<\/a><\/li>\n<li><a href=\"http:\/\/www.seco.admin.ch\/infos-mediziner\">Informationen des SECO f\u00fcr \u00c4rztinnen und -\u00e4rzte<\/a><\/li>\n<li>Erkl\u00e4rungen des seco: <a href=\"https:\/\/www.seco.admin.ch\/seco\/de\/home\/Arbeit\/Arbeitsbedingungen\/Arbeitszeitbewilligungen-TACHO\/Medizinische-Untersuchung-Beratung-bei-Nachtarbeit.html\" target=\"_blank\" rel=\"noopener\">&#8222;Med. Untersuchung und Beratung bei Nachtarbeit&#8220;<\/a>\n<ul>\n<li><a href=\"https:\/\/www.seco.admin.ch\/dam\/seco\/de\/dokumente\/Arbeit\/Arbeitsbedingungen\/Arbeitszeitbewilligungen\/Medizinische-Untersuchung-Nachtarbeit\/Leitfaden-medizinische-Untersuchung-Nachtarbeit.pdf.download.pdf\/Leitfaden%20medUntersuchung_nov_2013_de.pdf\" target=\"_blank\" rel=\"noopener\">Leitfaden zur med. Vorsorge f\u00fcr Nacht- u. Schichtarbeitende <\/a>(SECO)<\/li>\n<li>SECO-Formlar <a href=\"https:\/\/www.seco.admin.ch\/dam\/seco\/de\/dokumente\/Publikationen_Dienstleistungen\/Publikationen_Formulare\/Arbeit\/Arbeitsbedingungen\/Formulare\/Formular-Eignungsentscheid.pdf.download.pdf\/VO_Entscheid_medUntersuchung_mai2014_de.pdf\" target=\"_blank\" rel=\"noopener\">&#8222;Eignungsentscheid f\u00fcr Nachtarbeit&#8220;<\/a><\/li>\n<\/ul>\n<\/li>\n<li><a href=\"http:\/\/www.admin.ch\/ch\/d\/sr\/8\/822.111.52.de.pdf\" target=\"evd\" rel=\"noopener\">Mutterschutzverordnung<\/a><\/li>\n<li><a href=\"https:\/\/sgarm.ch\/wordpress\/wp-content\/uploads\/2012\/12\/Pandemieplan_KMU_d_version_071115.pdf\" target=\"_blank\" rel=\"noopener\"> Pandemieplan<\/a>, Handbuch des SECO f\u00fcr die betriebliche Vorbereitung<\/li>\n<li><a href=\"http:\/\/www.admin.ch\/ch\/d\/sr\/8\/814.50.de.pdf\" target=\"strahlenschutz\" rel=\"noopener\">Strahlenschutzgesetz<\/a><\/li>\n<li><a href=\"http:\/\/www.admin.ch\/ch\/d\/sr\/8\/814.501.de.pdf\" target=\"evd\" rel=\"noopener\">Strahlenschutzverordnung<\/a><\/li>\n<li><a href=\"http:\/\/www.admin.ch\/ch\/d\/sr\/8\/832.20.de.pdf\" target=\"uvg\" rel=\"noopener\">Unfallversicherungsgesetz<\/a> (UVG)<\/li>\n<li><a href=\"http:\/\/www.admin.ch\/ch\/d\/sr\/c732_143_1.html\" target=\"vapk\" rel=\"noopener\">Verordnung \u00fcber die Anforderungen an das Personal von Kernanlagen<\/a> (VAPK)<\/li>\n<li><a href=\"http:\/\/www.admin.ch\/ch\/d\/sr\/c732_143_2.html\" target=\"vbwk\" rel=\"noopener\">Verordnung \u00fcber die Betriebswachen von Kernanlagen<\/a> (VBWK)<\/li>\n<li><a href=\"http:\/\/www.admin.ch\/ch\/d\/sr\/8\/832.30.de.pdf\" target=\"uvg\" rel=\"noopener\">Verordnung \u00fcber die Unfallverh\u00fctung<\/a> (VUV)<\/li>\n<li><a href=\"http:\/\/www.admin.ch\/ch\/d\/sr\/8\/832.321.de.pdf\" target=\"samv\" rel=\"noopener\">Verordnung \u00fcber den Schutz der Arbeitnehmerinnen und Arbeitnehmer vor Gef\u00e4hrdung durch Mikroorganismen<\/a> (SAMV)<\/li>\n<li><a href=\"http:\/\/www.jaat.eu\/publications\/jars\/606984.pdf\" target=\"_jaa\" rel=\"noopener\">EU JAA Flight Crew Licensing<\/a> (Medical)<\/li>\n<li><a href=\"https:\/\/www.admin.ch\/opc\/de\/classified-compilation\/20092177\/index.html\" target=\"_blank\" rel=\"noopener\">Verordnung des UVEK \u00fcber die Zulassung zum F\u00fchren von Triebfahrzeugen der Eisenbahnen<\/a> (VTE)<\/li>\n<\/ul>\n<hr \/>\n<h2>Texte zur Arbeitsmedizin<\/h2>\n<ul>\n<li><a href=\"https:\/\/boutique.revmed.ch\/skript-der-arbeitsmedizin\">Skript der Arbeitsmedizin (2024)\u00a0<\/a><\/li>\n<\/ul>\n<p>&nbsp;<\/p>","protected":false},"excerpt":{"rendered":"<p>SGARM Tarifempfehlungen f\u00fcr die Leistungen arbeitmedizinischer Spezialisten \u00a0Ethik und Code of Conduct Standesordnung der FMH Anhang 4 Standesordnung der FMH International Code of Ethics for Occupational Health Professionals (ICOH) \u00a0Schweizer Gesetzgebung Arbeitsgesetz (ArG) Verordnung 1 zum Arbeitsgesetz (ArGV1) Wegleitung zum &hellip; <a href=\"https:\/\/sgarm.ch\/wordpress\/?page_id=94\">Weiterlesen <span class=\"meta-nav\">&rarr;<\/span><\/a><\/p>\n","protected":false},"author":1,"featured_media":0,"parent":82,"menu_order":5,"comment_status":"closed","ping_status":"closed","template":"","meta":[],"_links":{"self":[{"href":"https:\/\/sgarm.ch\/wordpress\/index.php?rest_route=\/wp\/v2\/pages\/94"}],"collection":[{"href":"https:\/\/sgarm.ch\/wordpress\/index.php?rest_route=\/wp\/v2\/pages"}],"about":[{"href":"https:\/\/sgarm.ch\/wordpress\/index.php?rest_route=\/wp\/v2\/types\/page"}],"author":[{"embeddable":true,"href":"https:\/\/sgarm.ch\/wordpress\/index.php?rest_route=\/wp\/v2\/users\/1"}],"replies":[{"embeddable":true,"href":"https:\/\/sgarm.ch\/wordpress\/index.php?rest_route=%2Fwp%2Fv2%2Fcomments&post=94"}],"version-history":[{"count":82,"href":"https:\/\/sgarm.ch\/wordpress\/index.php?rest_route=\/wp\/v2\/pages\/94\/revisions"}],"predecessor-version":[{"id":6745,"href":"https:\/\/sgarm.ch\/wordpress\/index.php?rest_route=\/wp\/v2\/pages\/94\/revisions\/6745"}],"up":[{"embeddable":true,"href":"https:\/\/sgarm.ch\/wordpress\/index.php?rest_route=\/wp\/v2\/pages\/82"}],"wp:attachment":[{"href":"https:\/\/sgarm.ch\/wordpress\/index.php?rest_route=%2Fwp%2Fv2%2Fmedia&parent=94"}],"curies":[{"name":"wp","href":"https:\/\/api.w.org\/{rel}","templated":true}]}}